t b(k) = -k**3 - 56*k**2 + 127*k + 1076. Determine b(-58).
438
Let i(v) = -2*v**2 + 1692*v - 151725. Calculate i(744).
51
Let h(w) = -1891*w - 17835. Give h(-10).
1075
Let d(u) = 57096*u + 1712931. Calculate d(-30).
51
Let c(m) = -948*m - 16123. Calculate c(-17).
-7
Let x(s) = -4*s**3 + 96*s**2 - 552*s + 225. Determine x(8).
-95
Let d(j) = -j**2 - 879*j - 35438. Calculate d(-40).
-1878
Let p(l) = 278*l + 10292. Determine p(-37).
6
Let n(a) = -1153*a - 22822. Determine n(-20).
238
Let x(u) = -2956*u - 44346. Give x(-15).
-6
Let a(l) = -117*l**3 + 14393*l**2 - 262*l + 1953. Give a(123).
-15
Let p(a) = 5*a**3 + 92*a**2 - 204*a - 759. Give p(-2).
-23
Let a(v) = 3*v**3 + 93*v**2 - 176*v - 5456. Determine a(-31).
0
Let y(o) = o**2 + 4679*o - 1857299. What is y(368)?
-3
Let l(q) = 827*q**2 - 33*q + 5. Determine l(1).
799
Let i(d) = -383*d + 136345. Determine i(356).
-3
Let s(o) = 3046*o + 53413. Determine s(-17).
1631
Let h(y) = 18*y**2 - 1683*y + 4171. What is h(91)?
76
Let p(r) = 3*r**3 - 155*r**2 - 546*r + 118. What is p(55)?
338
Let f(j) = -5*j**3 + 19*j**2 - 134*j + 29. Give f(7).
-1693
Let p(i) = -37*i**2 - 80*i + 929. Calculate p(4).
17
Let w(y) = -y**2 + 1120*y - 108327. Calculate w(107).
64
Let n(g) = g**3 + 34*g**2 + 1350*g + 51214. Determine n(-36).
22
Let c(v) = 263*v - 284. What is c(-1)?
-547
Let n(z) = -23702*z + 70924. What is n(3)?
-182
Let l(x) = 599*x - 70820. Determine l(118).
-138
Let b(t) = -4157*t - 12058. Give b(-3).
413
Let y(i) = i**3 - 717*i**2 + 51507*i + 435. Give y(81).
-294
Let v(y) = -3*y**2 + 2622*y + 482056. Determine v(1030).
16
Let c(n) = 5*n**2 - 1794*n - 12678. Give c(-7).
125
Let g(f) = 855*f - 19626. What is g(23)?
39
Let w(n) = 2*n**2 + 1210*n - 26410. What is w(21)?
-118
Let n(l) = 3*l**3 + 7*l**2 - 33*l - 150. Calculate n(-6).
-348
Let l(s) = 5*s**2 - 711*s - 981. Calculate l(143).
-409
Let t(j) = 791*j - 172. Determine t(-2).
-1754
Let r(q) = 127*q - 8646. Calculate r(51).
-2169
Let y(h) = h**3 + 537*h**2 + 59025*h + 16462. Calculate y(-383).
-7
Let i(p) = -p**2 + 11903*p + 23811. Determine i(-2).
1
Let q(v) = 313*v + 1467. Give q(-5).
-98
Let o(s) = -s**3 - 76*s**2 + 559*s + 5102. What is o(-82)?
-392
Let u(n) = 3*n**2 - 250*n + 2694. What is u(68)?
-434
Let a(h) = h**3 + 21*h**2 + 81*h + 298. Give a(-19).
-519
Let j(f) = -48130*f + 818241. What is j(17)?
31
Let t(q) = 76801*q - 230403. Calculate t(3).
0
Let q(i) = i**3 - 43*i**2 + 666*i - 34399. What is q(45)?
-379
Let v(y) = -3317*y - 6480. What is v(-2)?
154
Let t(y) = 1339977*y - 2679957. What is t(2)?
-3
Let i(c) = 7*c**3 + 1729*c**2 + 13395*c + 2634. Calculate i(-239).
5
Let c(x) = x**3 + 2931*x**2 + 1946535*x - 3061. Determine c(-1017).
-10
Let n(s) = 635*s - 2309. What is n(5)?
866
Let q(o) = -o**2 - 66*o + 623. What is q(-79)?
-404
Let m(g) = -g**3 + 2*g**2 - 14389*g - 204581. Determine m(-14).
1
Let g(x) = -1330*x + 451026. What is g(339)?
156
Let u(n) = -n**3 - 12*n**2 - 78*n - 1319. Give u(-14).
165
Let w(q) = 3177*q**2 - 31793*q + 256. What is w(10)?
26
Let c(d) = -7467*d + 58415. Calculate c(8).
-1321
Let q(i) = 15*i**3 - 212*i**2 + 745*i + 29. Give q(7).
1
Let a(v) = 2*v**2 - 414*v + 13954. Calculate a(173).
2190
Let r(m) = -447*m**2 + 432*m - 4. Give r(1).
-19
Let c(i) = 47418*i - 1090621. Calculate c(23).
-7
Let j(u) = 41933*u + 503276. What is j(-12)?
80
Let h(n) = 7*n**2 - 79*n - 452. What is h(-4)?
-24
Let i(j) = -j**2 + 27*j + 172. Determine i(21).
298
Let q(p) = -2*p**3 + 429*p**2 - 1064*p + 1068. Calculate q(212).
220
Let k(m) = m**3 + 36*m**2 - 289*m - 26. What is k(6)?
-248
Let h(t) = 19*t**2 - 2223*t + 10648. Give h(5).
8
Let w(k) = k**3 - 163*k**2 + 28*k - 4598. What is w(163)?
-34
Let q(c) = c**2 + 107*c + 2731. Calculate q(-65).
1
Let x(u) = 11625673*u + 46502692. What is x(-4)?
0
Let f(t) = t**3 + 38*t**2 - 566*t - 7364. Give f(-9).
79
Let s(w) = w**3 + 32*w**2 + 3674*w + 112928. Give s(-31).
-5
Let h(y) = -602591*y - 18077717. Give h(-30).
13
Let u(o) = 10*o**2 - 34*o - 557. Determine u(-6).
7
Let p(x) = 8*x - 152. Give p(3).
-128
Let g(i) = 3*i**2 - 1861*i + 12922. Give g(7).
42
Let z(f) = 61*f + 4512. Determine z(-53).
1279
Let a(i) = i**3 + 177*i**2 - 39474*i + 538. Determine a(-306).
538
Let o(q) = -q**3 - 12*q**2 + 75*q + 88. Determine o(-20).
1788
Let v(b) = b**3 + 32*b**2 + 154*b + 872. Determine v(-28).
-304
Let x(j) = 300*j - 14040. Give x(47).
60
Let d(v) = -28280*v + 1216019. What is d(43)?
-21
Let f(t) = 5865*t + 82229. Calculate f(-14).
119
Let f(b) = -b**3 - 1033*b**2 + 4383*b + 243697. Give f(-1037).
2
Let g(o) = 2*o**2 + 2944*o - 14679. Calculate g(5).
91
Let k(u) = -16*u**2 - 1798*u + 514. Calculate k(-113).
-616
Let a(y) = -y**3 + 38*y**2 + 983*y + 129. What is a(-18)?
579
Let t(y) = -y**3 + 33*y**2 - 611*y + 15692. Give t(30).
62
Let w(u) = 1942*u**2 + 788446*u - 2433. What is w(-406)?
3
Let o(f) = -4273419*f - 29913928. Determine o(-7).
5
Let b(u) = 184*u + 18961. Give b(-108).
-911
Let c(x) = 676*x - 6753. What is c(7)?
-2021
Let z(m) = 594*m + 60217. What is z(-102)?
-371
Let k(f) = -306*f - 2122. Determine k(-7).
20
Let x(b) = -2*b**3 - 257*b**2 - 7484*b + 1386. Calculate x(-45).
-9
Let b(d) = 7276*d**2 - 160074*d + 54. Give b(22).
10
Let c(b) = -5*b**2 - 74*b + 1083. Give c(14).
-933
Let u(l) = l**3 - 22*l**2 + 77*l + 352. What is u(15)?
-68
Let z(f) = 1932*f - 191300. Calculate z(99).
-32
Let o(z) = z**2 + 52*z - 159. Calculate o(-55).
6
Let b(u) = -26380*u + 158373. Calculate b(6).
93
Let m(n) = n**3 - 243*n**2 - 230*n - 3449. Determine m(244).
-33
Let u(r) = -2*r**3 + 19*r**2 + 9*r - 272. What is u(7)?
36
Let q(u) = -9*u**3 - 57*u**2 + 306*u + 1771. Give q(-7).
-77
Let k(c) = -1956*c + 3902. Determine k(2).
-10
Let f(o) = -4906*o - 132937. What is f(-27)?
-475
Let h(u) = 62040*u + 124085. What is h(-2)?
5
Let v(u) = 1604*u + 86734. Calculate v(-54).
118
Let d(h) = -56354*h + 1577919. Determine d(28).
7
Let n(v) = 15*v**2 - 322*v - 1300. Calculate n(-4).
228
Let c(w) = -3*w**3 + 51*w**2 - 123*w - 424. Calculate c(13).
5
Let k(c) = 2*c**3 - 19*c**2 - 45*c + 676. What is k(11)?
544
Let n(j) = -j**2 - 392*j + 23160. Determine n(52).
72
Let x(u) = 2*u**2 + 1258*u + 6262. Determine x(-5).
22
Let j(t) = -t**2 + 341*t + 150315. What is j(594)?
33
Let u(j) = -704*j - 8083. What is u(-12)?
365
Let f(a) = -a**3 + 363*a**2 - 571*a + 207280. Determine f(363).
7
Let r(i) = -724*i + 56475. Give r(78).
3
Let y(d) = 2*d**3 - 70*d**2 - 662*d - 1022. What is y(-6)?
-2
Let v(c) = 85*c**3 - 345*c**2 + 21*c + 7. What is v(4)?
11
Let t(y) = -y**2 + 37539*y - 337774. Determine t(9).
-4
Let a(d) = -285*d + 5067. Give a(18).
-63
Let d(i) = -1814*i - 2955. What is d(-2)?
673
Let i(g) = 2*g**3 - 45*g**2 - 2086*g + 45136. Calculate i(21).
7
Let h(p) = -2*p**3 + 14*p**2 + 268*p + 1205. Determine h(17).
-19
Let w(x) = -x**3 + 141*x**2 - 213*x - 9050. Give w(139).
-15
Let q(f) = f**2 + 281*f + 14508. Determine q(-68).
24
Let o(d) = 55*d**2 - 1764*d + 5296. Calculate o(3).
499
Let q(b) = -2*b**2 - 207*b + 952. What is q(-109)?
-247
Let z(w) = 13*w**3 + 58*w**2 - 346*w + 68. Determine z(6).
2888
Let d(t) = -10931*t + 820035. Calculate d(75).
210
Let j(z) = -11*z**2 - 3986*z + 2884. Calculate j(-363).
343
Let m(d) = 2*d**3 + 1827*d**2 - 849*d + 59399. Give m(-914).
-11
Let j(n) = 22*n**3 + 426*n**2 - 735*n + 408. Calculate j(-21).
-33
Let b(m) = -6*m**3 - 127*m**2 - 14*m - 126. Determine b(0).
-126
Let r(m) = 33032*m + 693774. What is r(-21)?
102
Let r(j) = 4*j**2 - 81*j - 2050. What is r(-14)?
-132
Let g(d) = -2177*d - 26143. Give g(-12).
-19
Let w(j) = 239*j**2 - 76*j - 3. What is w(1)?
160
Let k(x) = 56*x**2 + 1211*x - 462. What is k(-22)?
0
Let f(m) = 12327*m + 900029. Determine f(-73).
158
Let m(h) = h**3 - 217*h**2 - 1352*h + 3183. Give m(223).
61
Let x(q) = q**3 - 48*q**2 - 99*q + 3625. Give x(49).
1175
Let s(c) = 24*c**2 + 1955*c + 813. Calculate s(-81).
-78
Let q(r) = r**3 + 23*r**2 - 3166*r - 135. Give q(-69).
-687
Let o(f) = f**3 - 85*f**2 + 184*f - 1518. Calculate o(83).
-24
Let c(m) = m**3 - 35*m**2 - 502*m + 5783. What is c(8)?
39
Let q(h) = -62055*h - 434424. What is q(-7)?
-39
Let l(j) = j**3 - 86*j**2 + 498*j + 1013. Determine l(8).
5
Let j(d) = 2*d**3 + 4*d**2 - 1881*d - 5714. Give j(-3).
-89
Let x(d) = d**3 + 